f i?
False
Let o be (6/(-18))/(2/(-156)). Let d = o + -15. Let l(u) = -u**3 + 10*u**2 + 14*u + 12. Is 15 a factor of l(d)?
True
Suppose -r = -3*r + 24. Suppose -3*b + r*b = 225. Is b a multiple of 25?
True
Suppose u = 3*q - 11, 0*u = -2*q - 3*u + 22. Suppose q*h = 4*h + 160. Does 10 divide h?
True
Suppose 34*u - 32 = 26*u. Suppose 92 = 4*s + 2*h - 334, -4*s + u*h = -396. Is 4 a factor of s?
True
Let j be (-2)/11 + (-11544)/(-88). Let p = j + -5. Suppose 0 = 3*n + 4*u - p, -3*n - 2*u + 53 = -73. Does 21 divide n?
True
Let y be ((-5)/1 - -1) + 1. Is 3/y + (4 - -26) a multiple of 18?
False
Suppose 2 + 154 = 3*c. Does 11 divide c?
False
Let g(x) be the first derivative of -x**2 - 1 + 0 + 0 + 4*x. Is g(-5) a multiple of 14?
True
Suppose 4*m = 2*r + 12, -3*m = -12 - 0. Let x = 5 - r. Suppose 5*w - x*p = p + 121, 3*w - 67 = p. Is 13 a factor of w?
False
Let a = -976 - -1504. Is 47 a factor of a?
False
Suppose 0 = -3*n + 7*n - 248. Let x = 31 - n. Is 2 - 5 - -3 - x a multiple of 10?
False
Let n = -186 + 266. Suppose 3*b - 1 = n. Is 3 a factor of b?
True
Suppose -5*h - 5*l = 10, -4*l - 2 = 3*h + 2. Let g be 9 + 1 + 12/h. Is g*(0 - (-3 + 0)) a multiple of 19?
False
Let a(t) = -2*t**2 + 18*t - 6. Let x(g) = -g**2 + g - 1. Let f(c) = -a(c) + 3*x(c). Does 13 divide f(-12)?
True
Let g(k) = -k**2 + 9*k + 1. Suppose -2*w = w - 21. Let c be g(w). Is 15 a factor of -40*((-69)/c - -3)?
False
Suppose 3*n = -2*t - 2*t - 588, 0 = -2*n + 2*t - 378. Let h = n + 274. Does 10 divide h?
False
Let o(b) = b**3 + 8*b**2 + 12*b - 2. Let t be o(-6). Let p be t + 0 - (0 + -7). Suppose -p*u = 3*v - 41, v = u + u - 23. Is u a multiple of 4?
False
Suppose -4*k + 16 + 44 = 0. Does 6 divide k?
False
Suppose 0*w = w + u + 20, 4*u + 96 = -5*w. Let l be 75/(-30)*56/(-5). Let o = w + l. Is o a multiple of 3?
True
Let j(h) = -h**3 + 5*h**2 + h - 2. Let c be j(3). Let k = c - -16. Is k a multiple of 7?
True
Suppose -5*r + 5*v = -19 + 119, 3*v + 9 = 0. Let o = 84 - r. Does 12 divide o?
False
Let n(o) = o**3 + 4*o**2 + 4*o + 2. Let f be n(-2). Is ((-42)/(-9))/(f/27) a multiple of 9?
True
Let d = -74 - -67. Let f(u) = u**3 + 9*u**2 + 11*u - 2. Is f(d) a multiple of 13?
False
Let a be (402/(-7))/((-1)/7). Let l = a - 211. Is 17 a factor of l?
False
Let c(s) = s**3 - 24*s**2 - s + 20. Let p be c(24). Does 10 divide 60/48 + (-3)/p + 88?
True
Let f(o) = -4*o - 14 - o + 0*o + o**2. Does 11 divide f(9)?
True
Suppose 24 = 2*k - 5*n, 6 = -k - 2*n + 18. Suppose -3*z + 3*g + 15 = -0*z, 4*g + k = 0. Suppose z*s + 0*s - 78 = 2*v, 151 = 4*s - 3*v. Is s a multiple of 12?
False
Let k(d) = -d**2 + 7*d + 3. Let w be k(7). Suppose -w*o + 77 = -355. Is o a multiple of 36?
True
Suppose -p + 1 + 1 = -5*l, 0 = -5*p + 10. Is (-32)/24 - (l + 55/(-3)) a multiple of 5?
False
Suppose 4*a = 5*n - 5, 3*a = -3*n - 2*a + 40. Suppose 4*x + n*d = 0, 2*d - 3*d = 3*x. Suppose x = -2*o - 3*o + 120. Does 16 divide o?
False
Suppose -38190 - 1230 = -12*p. Is p a multiple of 37?
False
Let o(v) = v**3 + 15*v**2 - 16*v - 16. Let l(q) = 3*q**3 + 30*q**2 - 32*q - 32. Let i(n) = 2*l(n) - 5*o(n). Does 14 divide i(14)?
False
Let x = 48 - 49. Does 4 divide (10/(-4)*10)/(1*x)?
False
Let q be 4/(-1) + 1 + -12. Let r = q - -18. Let x = r + 5. Does 2 divide x?
True
Suppose 7 + 7 = 7*s. Suppose -s*k - 4*u + 36 = 0, -u = 5*k - 6*u - 105. Is k a multiple of 20?
True
Suppose 0 = 3*i + i + 2*t + 74, i + 15 = -4*t. Let q = -9 - i. Is 6 a factor of q?
False
Let i be (12/8)/((-3)/(-10)). Suppose i*u - 10 = 3*u. Suppose 0 = u*r + 5, 5*t + r - 128 = -r. Does 26 divide t?
True
Suppose 3*i = 691 + 44. Suppose -4*y + 45 = i. Let r = y - -104. Does 27 divide r?
True
Let t(o) be the third derivative of -1/12*o**4 + 0 - 7/120*o**6 - 8*o**2 + 0*o**3 - 1/60*o**5 + 0*o. Does 14 divide t(-2)?
True
Let q(h) = -h**3 - 47*h**2 - 50*h - 164. Is q(-46) a multiple of 10?
True
Suppose p = -2*p + 1428. Is 13 a factor of p?
False
Is 0 + 22992/10 - (-4)/5 a multiple of 47?
False
Let c be (-310)/(-25) + 2/(-5). Suppose 4*a + 1168 = -c. Does 20 divide (-7)/(-28) + a/(-4)?
False
Suppose -6*w + 9706 = -1634. Is 27 a factor of w?
True
Let d(z) = 4*z. Let l(t) = -t**2 - 6*t - 4. Let r be l(-5). Let w be d(r). Suppose 0 = -w*j - 16, 3*q = -j + 37 + 7. Is q a multiple of 16?
True
Let b(k) = 8*k**2 + 17*k - 10. Is b(-6) a multiple of 8?
True
Suppose -5*d + 37 = -58. Suppose -5*k + 5*f = -d - 36, -k + 5*f = 5. Suppose 9 = j - k. Is 18 a factor of j?
False
Let m be 4*3/4 - -7. Suppose -1 = 3*u - m. Suppose 0*o + 24 = u*o. Does 6 divide o?
False
Let v(i) = 0*i**2 - 11 + 3*i**2 - 4*i**2 - 8*i. Let f be v(-9). Let r = f + 42. Does 11 divide r?
True
Let h be (-6)/21 + (-332)/14. Let k be (-6)/(h/(-140)) - 1. Let w = k - -94. Does 15 divide w?
False
Let x = -34 - -23. Let h(a) = -22*a - 3. Let k be h(x). Suppose 7*y - 3*n - 147 = 4*y, -n = 5*y - k. Is 12 a factor of y?
True
Let f(a) = 5*a**3 - 8*a**2 + a + 2. Let z be f(-4). Is (z/(-40))/((-2)/(-8)) a multiple of 7?
False
Let u(c) = c**3 - 7*c**2 + 5*c - 8. Let z(o) = 3*o**2 - 2*o - 1. Let l be z(2). Is u(l) a multiple of 9?
True
Let o(u) = -16*u - 6. Let w(g) = -5*g - 2. Let q(s) = -3*o(s) + 8*w(s). Is 6 a factor of q(2)?
True
Suppose 12*n = 17*n - 2610. Does 18 divide n?
True
Let a(o) = -o**3 - 7*o**2 + 8*o. Let y be a(-8). Suppose 0 = -x - y*x. Suppose -3*u + 54 + 54 = x. Is 12 a factor of u?
True
Let d be 24 + (-1 - 0) + 1. Let r = d - -53. Is 11 a factor of r?
True
Suppose -3*s - 3*s + 78 = 0. Suppose s = 3*q - 191. Is 17 a factor of q?
True
Is ((-2)/1)/(-2) - 15072/(-96) a multiple of 26?
False
Let y = -285 - -817. Is 14 a factor of y?
True
Suppose x - 333 = m, -25*x + 30*x = 4*m + 1668. Is 21 a factor of x?
True
Let k be ((-1)/(-1))/(5/20). Suppose j + 3*a - 2*a = 6, -k*a + 8 = 2*j. Does 4 divide j?
True
Suppose 6*n - 7 = 5. Let b = 0 - n. Is 3 a factor of (8/b - 2)*-3?
True
Let n = 395 + -325. Is 16 a factor of n?
False
Let s(x) = -x**2 - 5. Let z be s(-4). Suppose 76 + 320 = -11*u. Let r = z - u. Does 5 divide r?
True
Let d = 30 + -16. Does 5 divide 4/d + 1050/98?
False
Let m be -4 + 435 + 0/3. Suppose -3*x = -5*h - 44 + m, -5*h = 2*x - 392. Is 22 a factor of h?
False
Suppose -2*i - i - 2*o + 11 = 0, 0 = -5*i + o + 1. Let r(a) = 183*a**2 + a. Let j be r(i). Let z = j - 109. Is 15 a factor of z?
True
Let l be (0 - 1)/(4/(-408)). Suppose 111*q + l = 112*q. Is q a multiple of 17?
True
Let l(j) = -27*j**3 - 3*j**2 + 31*j + 90. Is 28 a factor of l(-3)?
False
Suppose b - 12 = 45. Is 9 a factor of (b/12 + -3)*16?
False
Let y(z) = -2*z**2 + 3*z - 1. Let a be y(2). Is a/(-3) - -34 - 3 a multiple of 24?
False
Let s(p) = 3*p**2 - 24*p - 133. Is s(22) a multiple of 30?
False
Let m(g) = -g**3 - 32*g**2 + 35*g + 135. Does 3 divide m(-33)?
True
Suppose 5*v - 557 = -f, -5*v + 4*f + 541 = -6. Is 51 a factor of v?
False
Let x(z) = z**3 + 4*z**2 - 5*z - 1. Let q be x(-5). Let a(b) be the third derivative of 11*b**5/20 - b**4/24 - 2*b**2 - 9. Does 6 divide a(q)?
False
Let m(v) = 2*v - 42. Let a be m(22). Suppose -116 = -a*c + 2. Is c a multiple of 4?
False
Let o = 60 + 7. Let p(h) = 5 + 66*h**3 + 4 + h - o*h**3. Does 3 divide p(0)?
True
Let c(f) be the third derivative of 0*f + 3/8*f**4 + 0 + 1/6*f**3 + 1/20*f**5 - 10*f**2. Does 11 divide c(-6)?
True
Suppose -5*j + 273 - 1118 = 0. Let s = j - -303. Suppose -i - i + s = 0. Is i a multiple of 31?
False
Let w be -12*(-2)/3*-2. Is 9 a factor of w/72 - 407/(-9)?
True
Let w(c) = 3*c**3 + 31*c**2 - 31*c - 6. Does 3 divide w(4)?
True
Suppose -7*l - 12 = -3*l. Let z be (-125)/35 + l/7. Is 16 a factor of 2/z - 1935/(-30)?
True
Is 3 + 5364/4 + (4 - -1) a multiple of 11?
False
Suppose 480*n - 12915 = 465*n. Does 21 divide n?
True
Is 9586/4 - 532/152 a multiple of 11?
False
Let t = 68 + -48. Suppose t = 2*f + 10. Is f even?
False
Suppose -95 = -4*f + 513. Suppose 7*t - 79 - f = 0. Does 29 divide t?
False
Let v = -12 - -14. Suppose 21 = h + 3*f, v*h - 4*f = 7*h - 160. Is 6 a factor of h?
True
Is ((-21)/14)/((-2)/128) a multiple of 19?
False
Let z = -7 + 14. Let n = 12 - z. Suppose -n = -4*a + 15. Is 2 a factor of a?
False
Let j(b) = -6*b + 1. Let v be j(4). Let n = -18 - v. Suppose 2*i + i + n*k = 125, -5*i = 5*k - 225. Does 28 divide i?
False
Let f be (-2)/(-5) - 152/5. Let a be (3 + (-9)/2)*f. Suppose -